is 47120 (base 8) in base 11?
14076
What is 10000100111010 (base 2) in base 7?
33541
Convert -2020 (base 4) to base 5.
-1021
Convert 66344 (base 9) to base 2.
1010101111110111
What is -10023003 (base 4) in base 16?
-42c3
Convert 244022 (base 6) to base 12.
10612
Convert -21256 (base 8) to base 14.
-3342
-100220 (base 4) to base 6
-4532
What is -280 (base 11) in base 10?
-330
Convert -10201121 (base 3) to base 10.
-2716
Convert -5a4 (base 15) to base 9.
-1671
What is 14521 (base 6) in base 13?
10c0
Convert 10100210 (base 3) to base 2.
100110010011
10a66 (base 11) to base 8
37063
Convert 331134 (base 5) to base 9.
16587
What is 11123 (base 5) in base 11?
657
227 (base 15) to base 3
200001
What is -d4 (base 15) in base 11?
-171
What is 237 (base 16) in base 7?
1440
Convert 2464 (base 11) to base 9.
4363
What is 2565 (base 8) in base 14?
71b
202333 (base 4) to base 15
9e4
What is -21521 (base 6) in base 12?
-18a1
115 (base 8) to base 3
2212
45432 (base 7) to base 4
2310102
Convert 60 (base 13) to base 14.
58
What is -1303 (base 5) in base 7?
-410
What is -12a (base 15) in base 2?
-100001001
What is 1444 (base 7) in base 11?
47a
Convert -24407 (base 9) to base 15.
-4cb4
Convert -414445 (base 6) to base 12.
-17425
What is 13103 (base 4) in base 7?
1235
Convert -111010101010001 (base 2) to base 4.
-13111101
What is -2256 (base 13) in base 8?
-11303
3240 (base 8) to base 12
b94
Convert 23012 (base 4) to base 10.
710
Convert -121 (base 3) to base 11.
-15
What is 19581 (base 13) in base 15?
e909
Convert 869 (base 13) to base 2.
10110011111
13756 (base 9) to base 15
2b96
223332 (base 4) to base 2
101011111110
-33154 (base 6) to base 2
-1000111111110
Convert -1000111100 (base 2) to base 11.
-480
What is b3 (base 13) in base 6?
402
What is 14330 (base 5) in base 10?
1215
Convert 2199 (base 11) to base 2.
101101001011
What is 1444301 (base 6) in base 15?
19ce7
16599 (base 12) to base 5
2010231
-10111000100000 (base 2) to base 9
-17170
What is -693c (base 14) in base 15?
-563c
Convert -16cd (base 14) to base 2.
-1000000000101
1631 (base 7) to base 8
1223
Convert -10452 (base 6) to base 11.
-1119
Convert 11110111 (base 2) to base 7.
502
Convert -8c (base 13) to base 7.
-224
1c (base 15) to base 3
1000
-14605 (base 8) to base 9
-8858
Convert 12303 (base 5) to base 12.
675
What is 53a1 (base 13) in base 15?
369d
-220133 (base 4) to base 9
-3488
What is -234224 (base 5) in base 3?
-102220211
Convert -24423 (base 8) to base 11.
-799a
-2a22 (base 13) to base 4
-1133200
What is 2101 (base 4) in base 11?
122
What is -189 (base 11) in base 13?
-13a
What is -11023321 (base 4) in base 15?
-6461
-1ccc (base 16) to base 4
-1303030
Convert -305 (base 15) to base 6.
-3052
What is 2eb (base 15) in base 12?
47b
Convert -e2 (base 16) to base 6.
-1014
What is 20102110 (base 3) in base 11?
3578
3445 (base 11) to base 7
16124
What is -182 (base 10) in base 8?
-266
-1605 (base 7) to base 10
-642
-100111101 (base 2) to base 15
-162
Convert -38641 (base 10) to base 2.
-1001011011110001
What is 2313212 (base 4) in base 15?
3735
Convert -12 (base 3) to base 13.
-5
24345 (base 8) to base 3
112100202
-286 (base 16) to base 12
-45a
Convert -102030 (base 6) to base 14.
-2dd8
Convert 17e (base 16) to base 14.
1d4
-215205 (base 7) to base 4
-21033021
What is 52404 (base 6) in base 12?
4104
Convert 576 (base 11) to base 3.
221111
What is -1002111 (base 3) in base 2?
-1100011100
What is -562 (base 14) in base 11?
-88a
Convert -2868 (base 9) to base 11.
-16a1
873 (base 13) to base 14
754
Convert -2726 (base 8) to base 5.
-21434
40325 (base 9) to base 6
322422
Convert 245 (base 7) to base 16.
83
Convert 204 (base 15) to base 8.
706
0 (base 14) to base 12
0
11b (base 14) to base 4
3131
What is -735 (base 9) in base 14?
-30b
Convert -12222302 (base 4) to base 5.
-1333224
Convert -130123 (base 5) to base 3.
-20220121
Convert b3 (base 14) to base 3.
12211
Convert -220140 (base 5) to base 4.
-1311321
10001011001110 (base 2) to base 4
2023032
Convert 11673 (base 9) to base 13.
3753
Convert -646 (base 14) to base 7.
-3416
-1ce (base 16) to base 10
-462
4ce (base 15) to base 6
5022
Convert 22220 (base 11) to base 10.
32208
Convert 1001001000 (base 2) to base 6.
2412
What is 4c9 (base 13) in base 2?
1101001001
What is 355432 (base 6) in base 13?
11198
What is 110110 (base 2) in base 16?
36
-10323 (base 6) to base 9
-1846
What is -121012 (base 3) in base 5?
-3222
What is 4231 (base 6) in base 3?
1022101
20201111 (base 3) to base 10
4900
Convert -23113 (base 8) to base 3.
-111110002
What is 15b (base 15) in base 9?
375
What is -15115 (base 10) in base 12?
-88b7
-3101223 (base 5) to base 12
-25064
What is -1d7 (base 16) in base 14?
-259
-402010 (base 6) to base 5
-2002132
11012121 (base 3) to base 14
1191
-38c (base 13) to base 2
-1001101111
-103402 (base 5) to base 10
-3602
Convert 8088 (base 9) to base 16.
1718
Convert -360 (base 11) to base 7.
-1152
Convert 3600 (base 10) to base 8.
7020
What is 2205 (base 9) in base 3?
2020012
What is -714 (base 8) in base 13?
-295
What is 16b03 (base 12) in base 4?
13332303
120530 (base 6) to base 3
112111100
Convert -c96c (base 14) to base 13.
-12ab0
Convert -79547 (base 10) to base 16.
-136bb
-120 (base 8) to base 9
-88
What is -1624 (base 14) in base 15?
-1287
Convert 11001122 (base 3) to base 9.
4048
What is -200113 (base 4) in base 2?
-100000010111
Convert -134212 (base 5) to base 12.
-3271
-11010100001010 (base 2) to base 10
-13578
112 (base 3) to base 4
32
-10001101111 (base 2) to base 16
-46f
a562 (base 15) to base 12
1829b
What is 516 (base 9) in base 5?
3140
40011 (base 5) to base 7
10210
Convert 6512 (base 7) to base 5.
33222
7210 (base 12) to base 2
11000001101100
367 (base 12) to base 5
4021
What is -510 (base 6) in base 2?
-10111010
-579 (base 13) to base 3
-1022000
4142 (base 6) to base 2
1110011110
743 (base 10) to base 6
3235
Convert -91b3 (base 15) to base 8.
-74060
Convert 11230 (base 8) to base 14.
1a40
Convert 4413 (base 9) to base 15.
e6c
-10010011100 (base 2) to base 3
-1121201
Convert -313 (base 6) to base 4.
-1311
What is 3500 (base 12) in base 10?
5904
2552 (base 6) to base 12
458
What is 11be (base 16) in base 6?
33010
3121 (base 9) to base 8
4357
Convert 7006 (base 10) to base 16.
1b5e
-1242 (base 6) to base 11
-266
-3303 (base 6) to base 7
-2133
-8550 (base 11) to base 8
-26054
-110110000111 (base 2) to base 10
-3463
What is 15645 (base 7) in base 11?
337a
1153 (base 10) to base 15
51d
Convert 12403 (base 14) to base 4.
22322103
Convert -362643 (base 7) to base 4.
-100010232
What is 341 (base 10) in base 4?
11111
What is 677 (base 10) in base 3?
221002
What is -105 (base 12) in base 15?
-9e
Convert 1957 (base 16) to base 9.
8807
-3669 (base 12) to base 9
-8360
What is -10514 (base 7) in base 10?
-2657
What is 3e9 (base 16) in base 10?
1001
Convert 1210220112 (base 3) to base 11.
24873
1020221 (base 3) to base 6
4124
What is -11114 (base 5) in base 14?
-400
What is 111101001110 (base 2) in base 8?
7516
Convert -14417 (base 9) to base 16.
-2659
Convert 133 (base 14) to base 12.
181
-17117 (base 8) to base 14
-2b83
Convert 10111101011 (base 2) to base 10.
1515
Convert -3322 (base 13) to base 6.
-52554
Convert -50a (base 13) to base 16.
-357
What is -278 (base 13) in base 3?
-121012
What is -212110122 (base 3) in base 14?
-6340
What is -9155 (base 11) in base 16?
-2f80
Convert -20263 (base 8) to base 9.
-12431
Convert a574 (base 12) to base 15.
555d
Convert -102012 (base 3) to base 15.
-152
What is -11000001100 (base 2) in base 13?
-921
Convert -742 (base 13) to base 12.
-871
Convert 348 (base 9) to base 14.
167
What is 860 (base 9) in base 10?
702
What is -632 (base 10) in base 5?
-10012
What is -c04 (base 15) in base 11?
-2039
Convert -110 (base 15) to base 2.
-11110000
5421 (base 6) to base 12
871
4435 (base 6) to base 15
48b
What is 212011 (base 4) in base 3?
10100021
What is -21011 (base 3) in base 2?
-11000001
6d (base 14) to base 6
241
Convert -20510 (base 6) to base 10.
-2778
What is -3458 (base 10) in base 16?
-d82
Convert -18445 (base 14) to base 2.
-1110111100011101
-1552 (base 11) to base 3
-2201211
Convert 610 (base 15) to base 16.
555
Convert 101111 (base 2) to base 12.
3b
Convert 2432421 (base 5) to base 12.
22742
Convert 